{"id":662,"date":"2020-02-12T08:10:59","date_gmt":"2020-02-12T08:10:59","guid":{"rendered":"http:\/\/rebellisches-berlin.de\/?page_id=662"},"modified":"2021-02-04T16:22:23","modified_gmt":"2021-02-04T16:22:23","slug":"662-2","status":"publish","type":"page","link":"https:\/\/rebellisches-berlin.de\/?page_id=662&lang=es","title":{"rendered":"Tours"},"content":{"rendered":"\n<h2 class=\"wp-block-heading\">\u00a1Tours quedan cancelados!<\/h2>\n\n\n\n<p>Querides rebeldes, <\/p>\n\n\n\n<p>Debido a la situaci\u00f3n actual, solo vamos a empezar de nuevo con los tours en primavera\/verano. Gracias por su comprensi\u00f3n.<\/p>\n\n\n\n<p>\u00a1Saludos del equipo!<\/p>\n\n\n\n<p>Por m\u00e1s informaci\u00f3n sobre los tours:<\/p>\n\n\n\n<p><a href=\"http:\/\/www.rebellisches-berlin.de\/?page_id=261&amp;lang=es\">Un Berl\u00edn Revolucionario<\/a><\/p>\n\n\n\n<p><a href=\"http:\/\/www.rebellisches-berlin.de\/?page_id=270&amp;lang=es\">Berlin 1848<\/a><\/p>\n\n\n\n<p><a href=\"http:\/\/www.rebellisches-berlin.de\/?page_id=276&amp;lang=es\">Berlinesas Rebeldes \u2013 una visita guiada tras las huellas de mujeres rebeldes<\/a><\/p>\n\n\n\n<p><a href=\"http:\/\/rebellisches-berlin.de\/?page_id=543&amp;lang=es\">El Berl\u00edn Jud\u00edo<\/a><\/p>\n\n\n\n<p><a href=\"http:\/\/rebellisches-berlin.de\/?page_id=581&amp;lang=es\">Kreuzberg \u2013 un barrio diverso y activo<\/a><\/p>\n","protected":false},"excerpt":{"rendered":"<p>\u00a1Tours quedan cancelados! Querides rebeldes, Debido a la situaci\u00f3n actual, solo vamos a empezar de nuevo con los tours en primavera\/verano. Gracias por su comprensi\u00f3n. \u00a1Saludos del equipo! Por m\u00e1s informaci\u00f3n sobre los tours: Un Berl\u00edn Revolucionario Berlin 1848 Berlinesas Rebeldes \u2013 una visita guiada tras las huellas de mujeres rebeldes El Berl\u00edn Jud\u00edo Kreuzberg &hellip; <\/p>\n<p class=\"link-more\"><a href=\"https:\/\/rebellisches-berlin.de\/?page_id=662&#038;lang=es\" class=\"more-link\"><span class=\"screen-reader-text\">\u201eTours\u201c <\/span>weiterlesen<\/a><\/p>\n","protected":false},"author":1,"featured_media":0,"parent":0,"menu_order":0,"comment_status":"closed","ping_status":"open","template":"onecolumn-page.php","meta":{"_monsterinsights_skip_tracking":false,"_monsterinsights_sitenote_active":false,"_monsterinsights_sitenote_note":"","_monsterinsights_sitenote_category":0,"footnotes":""},"class_list":["post-662","page","type-page","status-publish","hentry"],"aioseo_notices":[],"_links":{"self":[{"href":"https:\/\/rebellisches-berlin.de\/index.php?rest_route=\/wp\/v2\/pages\/662","targetHints":{"allow":["GET"]}}],"collection":[{"href":"https:\/\/rebellisches-berlin.de\/index.php?rest_route=\/wp\/v2\/pages"}],"about":[{"href":"https:\/\/rebellisches-berlin.de\/index.php?rest_route=\/wp\/v2\/types\/page"}],"author":[{"embeddable":true,"href":"https:\/\/rebellisches-berlin.de\/index.php?rest_route=\/wp\/v2\/users\/1"}],"replies":[{"embeddable":true,"href":"https:\/\/rebellisches-berlin.de\/index.php?rest_route=%2Fwp%2Fv2%2Fcomments&post=662"}],"version-history":[{"count":7,"href":"https:\/\/rebellisches-berlin.de\/index.php?rest_route=\/wp\/v2\/pages\/662\/revisions"}],"predecessor-version":[{"id":781,"href":"https:\/\/rebellisches-berlin.de\/index.php?rest_route=\/wp\/v2\/pages\/662\/revisions\/781"}],"wp:attachment":[{"href":"https:\/\/rebellisches-berlin.de\/index.php?rest_route=%2Fwp%2Fv2%2Fmedia&parent=662"}],"curies":[{"name":"wp","href":"https:\/\/api.w.org\/{rel}","templated":true}]}}