{"id":2,"date":"2010-06-24T14:23:07","date_gmt":"2010-06-24T14:23:07","guid":{"rendered":"http:\/\/revolutionstour.net\/?page_id=2"},"modified":"2025-02-20T03:40:06","modified_gmt":"2025-02-20T03:40:06","slug":"eine-seite","status":"publish","type":"page","link":"https:\/\/rebellisches-berlin.de\/","title":{"rendered":"Tours &#038; Neuigkeiten"},"content":{"rendered":"\n<p><strong>Auf der Seite <a class=\"aioseop-link\" href=\"https:\/\/rebellisches-berlin.de\/?page_id=9\">Termine<\/a> findet Ihr die aktuellen Termine.<\/strong><\/p>\n\n\n\n<p><\/p>\n\n\n\n<p><strong>Und hier geht es zu unseren F\u00fchrungen:<\/strong><\/p>\n\n\n\n<p><a href=\"http:\/\/www.rebellisches-berlin.de\/?page_id=261\">Rebellion im Stadtbild<\/a><\/p>\n\n\n\n<p><a href=\"http:\/\/www.rebellisches-berlin.de\/?page_id=270\">Berlin 1848 &#8211; auf den Spuren der M\u00e4rzrevolution<\/a><\/p>\n\n\n\n<p><a href=\"http:\/\/www.rebellisches-berlin.de\/?page_id=276\">Berliner Rebellinnen<\/a><\/p>\n\n\n\n<p><a href=\"https:\/\/rebellisches-berlin.de\/?page_id=947\">Feministisches Berlin<\/a><\/p>\n\n\n\n<p><a href=\"http:\/\/rebellisches-berlin.de\/?page_id=543\">J\u00fcdisches Berlin<\/a><\/p>\n\n\n\n<p><a href=\"http:\/\/rebellisches-berlin.de\/?page_id=581\">Kreuzberg \u2013 eine vielf\u00e4ltige und aktive Nachbarschaft<\/a><\/p>\n\n\n\n<p><a href=\"https:\/\/rebellisches-berlin.de\/?page_id=1023\" title=\"\">Jenseits der Heteronormativit\u00e4t \u2013 queere Geschichte in Sch\u00f6neberg<\/a><\/p>\n\n\n\n<p>Und f\u00fcr Zeiten, in denen keine F\u00fchrungen stattfinden:<\/p>\n\n\n\n<figure class=\"wp-block-image size-large\"><a href=\"https:\/\/rebellisches-berlin.de\/wp-content\/uploads\/2021\/04\/Rebellisches_Berlin_RGB-scaled.jpg\"><img loading=\"lazy\" decoding=\"async\" width=\"665\" height=\"1024\" src=\"https:\/\/rebellisches-berlin.de\/wp-content\/uploads\/2021\/04\/Rebellisches_Berlin_RGB-665x1024.jpg\" alt=\"\" class=\"wp-image-806\" srcset=\"https:\/\/rebellisches-berlin.de\/wp-content\/uploads\/2021\/04\/Rebellisches_Berlin_RGB-665x1024.jpg 665w, https:\/\/rebellisches-berlin.de\/wp-content\/uploads\/2021\/04\/Rebellisches_Berlin_RGB-195x300.jpg 195w, https:\/\/rebellisches-berlin.de\/wp-content\/uploads\/2021\/04\/Rebellisches_Berlin_RGB-768x1182.jpg 768w, https:\/\/rebellisches-berlin.de\/wp-content\/uploads\/2021\/04\/Rebellisches_Berlin_RGB-998x1536.jpg 998w, https:\/\/rebellisches-berlin.de\/wp-content\/uploads\/2021\/04\/Rebellisches_Berlin_RGB-1331x2048.jpg 1331w, https:\/\/rebellisches-berlin.de\/wp-content\/uploads\/2021\/04\/Rebellisches_Berlin_RGB-scaled.jpg 1663w\" sizes=\"auto, (max-width: 665px) 100vw, 665px\" \/><\/a><\/figure>\n\n\n\n<p><strong>Gruppe Panther &amp; Co. (Hg.)<br>Rebellisches Berlin<br>Expeditionen in die untergr\u00fcndige Stadt<\/strong><br>ISBN 978-3-86241-443-7 | erschienen 04\/2021 | 840 Seiten | Paperback | lieferbar | 29,80 \u20ac<\/p>\n\n\n\n<p>Das Buch \u00bbRebellisches Berlin\u00ab nimmt die Geschichte des widerst\u00e4ndigen Berlins in den Blick und beschreibt in einem weiten historischen Bogen unterschiedliche Protest- und Widerstandsaktionen.<\/p>\n\n\n\n<p>Das Buch erz\u00e4hlt unter anderem vom Berliner Unwillen des Jahres 1440, von der Kartoffelrevolution und der gar nicht so b\u00fcrgerlichen Revolution 1848, von den Streiks und Protesten gegen den Ersten Weltkrieg ebenso wie von heutigen antimilitaristischen K\u00e4mpfen, von den sogenannten Studentenunruhen 1968, den Hausbesetzungen der 1980er im West- und denen der 1990er im Ostteil der Stadt, von den K\u00e4mpfen gegen Rechtsradikalismus und denen der Migrant*innen seit dem faktischen Ende des Asylrechts 1993, von den aktuellen Auseinandersetzungen um Wohnen, Miete und Gentrifizierung.<\/p>\n\n\n\n<p>Die Autor*innen f\u00f6rdern eine erstaunliche Vielfalt an individuellen und kollektiven K\u00e4mpfen zutage und lassen sie anhand konkreter Orte im Stadtbild sichtbar werden. Nicht glitzernde Fassaden, sch\u00f6n gestaltete Pl\u00e4tze und Lifestyle-Architektur werden thematisiert, sondern das, was sich vielerorts dahinter verbirgt, manchmal unsichtbar bleibt, manchmal versteckt oder bruchst\u00fcckhaft noch an Pl\u00e4tzen, Stra\u00dfen, H\u00e4usern und Stadtvierteln zu sehen und zu bestaunen ist.<\/p>\n\n\n\n<p>Mit \u00bbRebellisches Berlin\u00ab soll nicht nur Zur\u00fcckliegendes wieder ins Ged\u00e4chtnis gerufen und an konkreten Orten sichtbar gemacht, sondern auch ein ermutigender Beitrag f\u00fcr zuk\u00fcnftige K\u00e4mpfe und Auseinandersetzungen geliefert werden.<\/p>\n\n\n\n<p>Das Buch enth\u00e4lt zahlreiche Karten und Routenvorschl\u00e4ge f\u00fcr Stadtrundg\u00e4nge.<\/p>\n\n\n\n<p>Mehr zum Buch, zum Verlag und die M\u00f6glichkeit, das Buch zu bestellen: <a href=\"http:\/\/www.assoziation-a.de\/buch\/rebellisches_berlin\">http:\/\/www.assoziation-a.de\/buch\/rebellisches_berlin<\/a><\/p>\n\n\n\n<h3 class=\"wp-block-heading\"><span style=\"font-family: Arial,serif;\"><\/span><\/h3>\n\n\n\n<h3 class=\"wp-block-heading\"><\/h3>\n\n\n\n<h3 class=\"wp-block-heading\"><span style=\"font-family: Arial,serif;\"><\/span><\/h3>\n\n\n\n<h3 class=\"wp-block-heading\"><span style=\"font-family: Arial,serif;\"><\/span><\/h3>\n\n\n\n<h3 class=\"wp-block-heading\"><span style=\"font-family: Arial,serif;\"><\/span><\/h3>\n","protected":false},"excerpt":{"rendered":"<p>Auf der Seite Termine findet Ihr die aktuellen Termine. Und hier geht es zu unseren F\u00fchrungen: Rebellion im Stadtbild Berlin 1848 &#8211; auf den Spuren der M\u00e4rzrevolution Berliner Rebellinnen Feministisches Berlin J\u00fcdisches Berlin Kreuzberg \u2013 eine vielf\u00e4ltige und aktive Nachbarschaft Jenseits der Heteronormativit\u00e4t \u2013 queere Geschichte in Sch\u00f6neberg Und f\u00fcr Zeiten, in denen keine F\u00fchrungen &hellip; <\/p>\n<p class=\"link-more\"><a href=\"https:\/\/rebellisches-berlin.de\/\" class=\"more-link\"><span class=\"screen-reader-text\">\u201eTours &#038; Neuigkeiten\u201c <\/span>weiterlesen<\/a><\/p>\n","protected":false},"author":1,"featured_media":0,"parent":0,"menu_order":0,"comment_status":"closed","ping_status":"open","template":"","meta":{"_monsterinsights_skip_tracking":false,"_monsterinsights_sitenote_active":false,"_monsterinsights_sitenote_note":"","_monsterinsights_sitenote_category":0,"footnotes":""},"class_list":["post-2","page","type-page","status-publish","hentry"],"aioseo_notices":[],"_links":{"self":[{"href":"https:\/\/rebellisches-berlin.de\/index.php?rest_route=\/wp\/v2\/pages\/2","targetHints":{"allow":["GET"]}}],"collection":[{"href":"https:\/\/rebellisches-berlin.de\/index.php?rest_route=\/wp\/v2\/pages"}],"about":[{"href":"https:\/\/rebellisches-berlin.de\/index.php?rest_route=\/wp\/v2\/types\/page"}],"author":[{"embeddable":true,"href":"https:\/\/rebellisches-berlin.de\/index.php?rest_route=\/wp\/v2\/users\/1"}],"replies":[{"embeddable":true,"href":"https:\/\/rebellisches-berlin.de\/index.php?rest_route=%2Fwp%2Fv2%2Fcomments&post=2"}],"version-history":[{"count":116,"href":"https:\/\/rebellisches-berlin.de\/index.php?rest_route=\/wp\/v2\/pages\/2\/revisions"}],"predecessor-version":[{"id":1036,"href":"https:\/\/rebellisches-berlin.de\/index.php?rest_route=\/wp\/v2\/pages\/2\/revisions\/1036"}],"wp:attachment":[{"href":"https:\/\/rebellisches-berlin.de\/index.php?rest_route=%2Fwp%2Fv2%2Fmedia&parent=2"}],"curies":[{"name":"wp","href":"https:\/\/api.w.org\/{rel}","templated":true}]}}

<p><strong>Auf der Seite <a class="aioseop-link" href="https://rebellisches-berlin.de/?page_id=9">Termine</a> findet Ihr die aktuellen Termine.</strong></p>



<p></p>



<p><strong>Und hier geht es zu unseren Führungen:</strong></p>



<p><a href="http://www.rebellisches-berlin.de/?page_id=261">Rebellion im Stadtbild</a></p>



<p><a href="http://www.rebellisches-berlin.de/?page_id=270">Berlin 1848 &#8211; auf den Spuren der Märzrevolution</a></p>



<p><a href="http://www.rebellisches-berlin.de/?page_id=276">Berliner Rebellinnen</a></p>



<p><a href="https://rebellisches-berlin.de/?page_id=947">Feministisches Berlin</a></p>



<p><a href="http://rebellisches-berlin.de/?page_id=543">Jüdisches Berlin</a></p>



<p><a href="http://rebellisches-berlin.de/?page_id=581">Kreuzberg – eine vielfältige und aktive Nachbarschaft</a></p>



<p><a href="https://rebellisches-berlin.de/?page_id=1023" title="">Jenseits der Heteronormativität – queere Geschichte in Schöneberg</a></p>



<p>Und für Zeiten, in denen keine Führungen stattfinden:</p>



<figure class="wp-block-image size-large"><a href="https://rebellisches-berlin.de/wp-content/uploads/2021/04/Rebellisches_Berlin_RGB-scaled.jpg"><img loading="lazy" decoding="async" width="665" height="1024" src="https://rebellisches-berlin.de/wp-content/uploads/2021/04/Rebellisches_Berlin_RGB-665x1024.jpg" alt="" class="wp-image-806" srcset="https://rebellisches-berlin.de/wp-content/uploads/2021/04/Rebellisches_Berlin_RGB-665x1024.jpg 665w, https://rebellisches-berlin.de/wp-content/uploads/2021/04/Rebellisches_Berlin_RGB-195x300.jpg 195w, https://rebellisches-berlin.de/wp-content/uploads/2021/04/Rebellisches_Berlin_RGB-768x1182.jpg 768w, https://rebellisches-berlin.de/wp-content/uploads/2021/04/Rebellisches_Berlin_RGB-998x1536.jpg 998w, https://rebellisches-berlin.de/wp-content/uploads/2021/04/Rebellisches_Berlin_RGB-1331x2048.jpg 1331w, https://rebellisches-berlin.de/wp-content/uploads/2021/04/Rebellisches_Berlin_RGB-scaled.jpg 1663w" sizes="auto, (max-width: 665px) 100vw, 665px" /></a></figure>



<p><strong>Gruppe Panther &amp; Co. (Hg.)<br>Rebellisches Berlin<br>Expeditionen in die untergründige Stadt</strong><br>ISBN 978-3-86241-443-7 | erschienen 04/2021 | 840 Seiten | Paperback | lieferbar | 29,80 €</p>



<p>Das Buch »Rebellisches Berlin« nimmt die Geschichte des widerständigen Berlins in den Blick und beschreibt in einem weiten historischen Bogen unterschiedliche Protest- und Widerstandsaktionen.</p>



<p>Das Buch erzählt unter anderem vom Berliner Unwillen des Jahres 1440, von der Kartoffelrevolution und der gar nicht so bürgerlichen Revolution 1848, von den Streiks und Protesten gegen den Ersten Weltkrieg ebenso wie von heutigen antimilitaristischen Kämpfen, von den sogenannten Studentenunruhen 1968, den Hausbesetzungen der 1980er im West- und denen der 1990er im Ostteil der Stadt, von den Kämpfen gegen Rechtsradikalismus und denen der Migrant*innen seit dem faktischen Ende des Asylrechts 1993, von den aktuellen Auseinandersetzungen um Wohnen, Miete und Gentrifizierung.</p>



<p>Die Autor*innen fördern eine erstaunliche Vielfalt an individuellen und kollektiven Kämpfen zutage und lassen sie anhand konkreter Orte im Stadtbild sichtbar werden. Nicht glitzernde Fassaden, schön gestaltete Plätze und Lifestyle-Architektur werden thematisiert, sondern das, was sich vielerorts dahinter verbirgt, manchmal unsichtbar bleibt, manchmal versteckt oder bruchstückhaft noch an Plätzen, Straßen, Häusern und Stadtvierteln zu sehen und zu bestaunen ist.</p>



<p>Mit »Rebellisches Berlin« soll nicht nur Zurückliegendes wieder ins Gedächtnis gerufen und an konkreten Orten sichtbar gemacht, sondern auch ein ermutigender Beitrag für zukünftige Kämpfe und Auseinandersetzungen geliefert werden.</p>



<p>Das Buch enthält zahlreiche Karten und Routenvorschläge für Stadtrundgänge.</p>



<p>Mehr zum Buch, zum Verlag und die Möglichkeit, das Buch zu bestellen: <a href="http://www.assoziation-a.de/buch/rebellisches_berlin">http://www.assoziation-a.de/buch/rebellisches_berlin</a></p>



<h3 class="wp-block-heading"><span style="font-family: Arial,serif;"></span></h3>



<h3 class="wp-block-heading"></h3>



<h3 class="wp-block-heading"><span style="font-family: Arial,serif;"></span></h3>



<h3 class="wp-block-heading"><span style="font-family: Arial,serif;"></span></h3>



<h3 class="wp-block-heading"><span style="font-family: Arial,serif;"></span></h3>

<p>Auf der Seite Termine findet Ihr die aktuellen Termine. Und hier geht es zu unseren Führungen: Rebellion im Stadtbild Berlin 1848 &#8211; auf den Spuren der Märzrevolution Berliner Rebellinnen Feministisches Berlin Jüdisches Berlin Kreuzberg – eine vielfältige und aktive Nachbarschaft Jenseits der Heteronormativität – queere Geschichte in Schöneberg Und für Zeiten, in denen keine Führungen &hellip; </p>
<p class="link-more"><a href="https://rebellisches-berlin.de/" class="more-link"><span class="screen-reader-text">„Tours &#038; Neuigkeiten“ </span>weiterlesen</a></p>
